Is 831870139 a composite number?
True
Is 6495721 prime?
True
Is 2083043 prime?
False
Is 12889599 a composite number?
True
Is 295399049 a prime number?
False
Is 12998791 a composite number?
True
Is 101839919 prime?
True
Is 31802641 a composite number?
True
Is 2559841 composite?
True
Is 607573 prime?
True
Is 54992239 a prime number?
True
Is 3194879 a composite number?
False
Is 12033545 composite?
True
Is 35724253 a prime number?
False
Is 51229741 composite?
True
Is 8255397 a prime number?
False
Is 31149313 a prime number?
False
Is 9393877 a composite number?
True
Is 8984947 composite?
True
Is 86371637 a prime number?
False
Is 8197211 prime?
False
Is 106007401 composite?
False
Is 284495347 a composite number?
False
Is 31691321 a composite number?
False
Is 70309219 a prime number?
False
Is 41877139 a prime number?
True
Is 134388283 composite?
True
Is 11391617 a prime number?
True
Is 242870021 a composite number?
True
Is 36996001 a prime number?
False
Is 95719769 composite?
True
Is 25973447 composite?
True
Is 14418073 composite?
False
Is 8964631 a prime number?
False
Is 280297 prime?
True
Is 3013511 composite?
True
Is 4056509 composite?
False
Is 974579 a composite number?
True
Is 91658843 a composite number?
True
Is 47207981 a composite number?
False
Is 1267043 a prime number?
True
Is 2911721 a composite number?
False
Is 33756403 a composite number?
False
Is 3368201 prime?
True
Is 749755319 prime?
True
Is 2265817 prime?
False
Is 161110283 a prime number?
False
Is 5959813 prime?
True
Is 1113622793 a prime number?
False
Is 654837 a prime number?
False
Is 141759757 a composite number?
False
Is 120598811 prime?
True
Is 33657209 prime?
True
Is 32338393 a prime number?
False
Is 68956031 prime?
True
Is 5437241 a prime number?
True
Is 3221893 a composite number?
True
Is 37773161 a composite number?
True
Is 948322459 composite?
True
Is 717569 a composite number?
True
Is 5955935 a composite number?
True
Is 637597 prime?
True
Is 12806323 a composite number?
True
Is 33183169 prime?
False
Is 73464529 composite?
False
Is 125048303 prime?
False
Is 45399971 composite?
False
Is 126839 a composite number?
False
Is 5108713 a prime number?
True
Is 17943523 a prime number?
False
Is 2429234 a composite number?
True
Is 9030313 composite?
False
Is 298897 a composite number?
False
Is 397139 composite?
True
Is 100244659 a composite number?
False
Is 32069071 a composite number?
True
Is 831731 prime?
True
Is 33384503 prime?
True
Is 90155899 a composite number?
False
Is 412204885 prime?
False
Is 22467281 a composite number?
True
Is 511457303 a prime number?
False
Is 67489111 prime?
False
Is 59738089 a composite number?
True
Is 32486777 a composite number?
True
Is 2235309 a composite number?
True
Is 8960569 a prime number?
False
Is 2359163 prime?
True
Is 34676405 prime?
False
Is 7097599 a composite number?
True
Is 45003059 composite?
False
Is 62758397 composite?
True
Is 19873453 prime?
True
Is 11648909 composite?
False
Is 694323965 composite?
True
Is 9514417 prime?
False
Is 29383541 prime?
False
Is 174404597 a composite number?
True
Is 752749 a composite number?
True
Is 38485991 a prime number?
True
Is 379322917 composite?
True
Is 47163283 a prime number?
True
Is 611433401 prime?
True
Is 2890742 prime?
False
Is 106153091 a prime number?
False
Is 2888111 composite?
True
Is 6866651 composite?
True
Is 3679751 composite?
False
Is 113220241 a composite number?
False
Is 46573113 a composite number?
True
Is 3516319 a composite number?
False
Is 20044027 prime?
True
Is 782699 a prime number?
False
Is 6581099 prime?
False
Is 7478327 prime?
True
Is 130915927 a prime number?
True
Is 3646621 composite?
True
Is 108261955 prime?
False
Is 1745458271 prime?
True
Is 29265497 composite?
False
Is 155442641 composite?
False
Is 729914069 composite?
False
Is 3613903 composite?
True
Is 5251331 a prime number?
True
Is 3077621 composite?
False
Is 112162909 a composite number?
True
Is 12394153 composite?
False
Is 1032389 a prime number?
False
Is 14909537 composite?
True
Is 10436123 composite?
False
Is 305827517 composite?
True
Is 23186819 prime?
True
Is 28986449 composite?
False
Is 115856483 a composite number?
True
Is 12558289 prime?
True
Is 170347601 prime?
True
Is 8452529 a prime number?
True
Is 19755299 prime?
False
Is 3814253 composite?
False
Is 28758803 composite?
False
Is 176937573 a composite number?
True
Is 13960579 composite?
True
Is 98020957 a prime number?
False
Is 24904373 composite?
True
Is 2214491 a composite number?
False
Is 85657213 a composite number?
True
Is 139978409 prime?
True
Is 58132589 a composite number?
False
Is 1800037 prime?
True
Is 13115813 prime?
True
Is 1216707071 a composite number?
True
Is 18703931 prime?
True
Is 276889819 prime?
False
Is 4002709 composite?
False
Is 6001189 composite?
False
Is 35549 prime?
False
Is 128867803 a prime number?
False
Is 26205713 prime?
False
Is 7715407 a composite number?
True
Is 233513 a prime number?
False
Is 141435737 prime?
False
Is 1601329 prime?
False
Is 204113333 a composite number?
True
Is 10668947 a composite number?
False
Is 37672531 a composite number?
True
Is 50316347 a prime number?
True
Is 2753137 composite?
False
Is 536251178 prime?
False
Is 310253 prime?
False
Is 5689351 prime?
True
Is 64464299 a prime number?
False
Is 1494947 a prime number?
True
Is 57568339 a prime number?
True
Is 7626981 composite?
True
Is 33545443 a prime number?
True
Is 25583659 a prime number?
False
Is 291815 composite?
True
Is 97821831 a composite number?
True
Is 44060813 a prime number?
True
Is 1243717 a prime number?
True
Is 3584981 a composite number?
False
Is 2017165 prime?
False
Is 6961849 composite?
False
Is 72144071 composite?
True
Is 2224913 composite?
True
Is 2435722 composite?
True
Is 26347843 a prime number?
False
Is 156340267 a composite number?
True
Is 262259 a composite number?
True
Is 399008387 prime?
True
Is 1191169 composite?
True
Is 17917259 composite?
False
Is 6953267 a prime number?
True
Is 55067351 a prime number?
False
Is 701132099 a composite number?
False
Is 30882721 composite?
True
Is 162343 prime?
True
Is 15038741 prime?
False
Is 4947781 composite?
True
Is 1341983 a composite number?
False
Is 31522061 prime?
True
Is 9939637 a composite number?
False
Is 2900665 composite?
True
Is 47480117 composite?
True
Is 9465493 composite?
False
Is 395671 composite?
False
Is 608037 prime?
False
Is 12490309 composite?
True
Is 115996999 a prime number?
True
Is 10704647 composite?
True
Is 1278061 a composite number?
True
Is 127392059 composite?
True
Is 178739393 a composite number?
True
Is 33860433 a composite number?
True
Is 1145593 composite?
False
Is 115794023 composite?
True
Is 2437891 a composite number?
False
Is 63671233 composite?
False
Is 2925535 composite?
True
Is 20291371 composite?
False
Is 6317537 a composite number?
False
Is 1064507 a composite number?
False
Is 16986191 prime?
False
Is 13621631 prime?
True
Is 2932198 a composite number?
True
Is 86090047 prime?
True
Is 184594463 composite?
False
Is 1715971 prime?
True
Is 1908579 a prime number?
False
Is 61555609 a composite number?
False
Is 48518671 a prime number?
True
Is 63674731 a composite number?
False
Is 52587167 a composite number?
False
Is 451639817 composite?
True
Is 180284579 a composite number?
True
Is 30507143 a prime number?
True
Is 25982591 a composite number?
False
Is 1796413 prime?
True
Is 59947721 composite?
False
Is 126410381 prime?
True
Is 1246003939 prime?
True
Is 107764367 a composite number?
False
Is 58685023 a prime number?
True
Is 189677263 prime?
False
Is 227848597 composite?
False
Is 67458983 composite?
True
Is 46950571 a prime number?
True
Is 191443393 prime?
True
Is 13161373 prime?
False
Is 24485399 a composite number?
True
Is 1090603 a prime number?
False
Is 281135227 prime?
True
Is 523774469 prime?
False
Is 124862407 composite?
True
Is 185710913 a composite number?
False
Is 193517927 prime?
True
Is 16665163 a composite number?
False
Is 2041701 a composite number?
True
Is 48015683 prime?
False
Is 82523405 a prime number?
False
Is 4466591 prime?
True
Is 30913049 a composite number?
True
Is 15618191 a composite number?
False
Is 13969391 a prime number?
True
Is 4045247 a composite number?
True
Is 60082405 a prime number?
False
Is 336032509 a prime numb